{"id":14,"date":"2015-05-12T12:57:57","date_gmt":"2015-05-12T12:57:57","guid":{"rendered":"http:\/\/test.kriesi.at\/wedding\/?page_id=14"},"modified":"2024-01-03T20:32:22","modified_gmt":"2024-01-03T20:32:22","slug":"szakkollegium","status":"publish","type":"page","link":"https:\/\/szakkollegium.hagyatek.ro\/","title":{"rendered":"Szakkoll\u00e9gium"},"content":{"rendered":"<p><div id='full_slider_1'  class='avia-fullwidth-slider main_color avia-shadow   avia-builder-el-0  el_before_av_section  avia-builder-el-first   container_wrap sidebar_right' style=' '  ><div   data-size='featured'  data-lightbox_size='large'  data-animation='slide'  data-conditional_play=''  data-ids='564,568,516,566,241,517,567,363'  data-video_counter='0'  data-autoplay='true'  data-bg_slider='false'  data-slide_height=''  data-handle='av_slideshow_full'  data-interval='4'  data-class=' '  data-el_id=''  data-css_id=''  data-scroll_down=''  data-control_layout='av-control-default'  data-custom_markup=''  data-perma_caption=''  data-autoplay_stopper=''  data-image_attachment=''  data-min_height='200px'  data-lazy_loading='enabled'  data-src=''  data-position='top left'  data-repeat='no-repeat'  data-attach='scroll'  data-stretch=''  data-default-height='28.666666666667'  class='avia-slideshow avia-slideshow-1  av-control-default av-default-height-applied avia-slideshow-featured av_slideshow_full   avia-slide-slider '  itemprop=\"image\" itemscope=\"itemscope\" itemtype=\"https:\/\/schema.org\/ImageObject\" ><ul class='avia-slideshow-inner ' style='padding-bottom: 28.666666666667%;' ><li  class=' slide-1 ' ><div data-rel='slideshow-1' class='avia-slide-wrap '   ><img loading=\"lazy\" decoding=\"async\" class=\"wp-image-564 avia-img-lazy-loading-564\"  src=\"https:\/\/szakkollegium.hagyatek.ro\/wp-content\/uploads\/2023\/10\/Bedo-Imre-eloadas-fejlec-1500x430.jpg\" width=\"1500\" height=\"430\" title='Bedo Imre eloadas fejlec' alt=''  itemprop=\"thumbnailUrl\"  style='min-height:200px; min-width:698px; ' \/><\/div><\/li><li  class=' slide-2 ' ><div data-rel='slideshow-1' class='avia-slide-wrap '   ><img loading=\"lazy\" decoding=\"async\" class=\"wp-image-568 avia-img-lazy-loading-568\"  src=\"https:\/\/szakkollegium.hagyatek.ro\/wp-content\/uploads\/2023\/10\/Sfet-Ingrid-eloadas-esemeny-1500x430.jpg\" width=\"1500\" height=\"430\" title='Sfet Ingrid eloadas esemeny' alt=''  itemprop=\"thumbnailUrl\"  style='min-height:200px; min-width:698px; ' \/><\/div><\/li><li  class=' slide-3 ' ><div data-rel='slideshow-1' class='avia-slide-wrap '   ><img loading=\"lazy\" decoding=\"async\" class=\"wp-image-516 avia-img-lazy-loading-516\"  src=\"https:\/\/szakkollegium.hagyatek.ro\/wp-content\/uploads\/2022\/09\/slider01.png\" width=\"1200\" height=\"300\" title='szakkollegium' alt=''  itemprop=\"thumbnailUrl\"  style='min-height:200px; min-width:800px; ' srcset=\"https:\/\/szakkollegium.hagyatek.ro\/wp-content\/uploads\/2022\/09\/slider01.png 1200w, https:\/\/szakkollegium.hagyatek.ro\/wp-content\/uploads\/2022\/09\/slider01-300x75.png 300w, https:\/\/szakkollegium.hagyatek.ro\/wp-content\/uploads\/2022\/09\/slider01-1030x258.png 1030w, https:\/\/szakkollegium.hagyatek.ro\/wp-content\/uploads\/2022\/09\/slider01-768x192.png 768w, https:\/\/szakkollegium.hagyatek.ro\/wp-content\/uploads\/2022\/09\/slider01-705x176.png 705w\" sizes=\"(max-width: 1200px) 100vw, 1200px\" \/><\/div><\/li><li  class=' slide-4 ' ><div data-rel='slideshow-1' class='avia-slide-wrap '   ><img loading=\"lazy\" decoding=\"async\" class=\"wp-image-566 avia-img-lazy-loading-566\"  src=\"https:\/\/szakkollegium.hagyatek.ro\/wp-content\/uploads\/2023\/10\/Halasz-Gergo-eloadas-esemeny-1500x430.jpg\" width=\"1500\" height=\"430\" title='Halasz Gergo eloadas esemeny' alt=''  itemprop=\"thumbnailUrl\"  style='min-height:200px; min-width:698px; ' \/><\/div><\/li><li  class=' slide-5 ' ><div data-rel='slideshow-1' class='avia-slide-wrap '   ><img loading=\"lazy\" decoding=\"async\" class=\"wp-image-241 avia-img-lazy-loading-241\"  src=\"https:\/\/szakkollegium.hagyatek.ro\/wp-content\/uploads\/2022\/07\/IMG_20200811_155038-1500x430.jpg\" width=\"1500\" height=\"430\" title='IMG_20200811_155038' alt=''  itemprop=\"thumbnailUrl\"  style='min-height:200px; min-width:698px; ' \/><\/div><\/li><li  class=' slide-6 ' ><div data-rel='slideshow-1' class='avia-slide-wrap '   ><img loading=\"lazy\" decoding=\"async\" class=\"wp-image-517 avia-img-lazy-loading-517\"  src=\"https:\/\/szakkollegium.hagyatek.ro\/wp-content\/uploads\/2022\/09\/slider02.png\" width=\"1200\" height=\"300\" title='szakkollegium' alt=''  itemprop=\"thumbnailUrl\"  style='min-height:200px; min-width:800px; ' srcset=\"https:\/\/szakkollegium.hagyatek.ro\/wp-content\/uploads\/2022\/09\/slider02.png 1200w, https:\/\/szakkollegium.hagyatek.ro\/wp-content\/uploads\/2022\/09\/slider02-300x75.png 300w, https:\/\/szakkollegium.hagyatek.ro\/wp-content\/uploads\/2022\/09\/slider02-1030x258.png 1030w, https:\/\/szakkollegium.hagyatek.ro\/wp-content\/uploads\/2022\/09\/slider02-768x192.png 768w, https:\/\/szakkollegium.hagyatek.ro\/wp-content\/uploads\/2022\/09\/slider02-705x176.png 705w\" sizes=\"(max-width: 1200px) 100vw, 1200px\" \/><\/div><\/li><li  class=' slide-7 ' ><div data-rel='slideshow-1' class='avia-slide-wrap '   ><img loading=\"lazy\" decoding=\"async\" class=\"wp-image-567 avia-img-lazy-loading-567\"  src=\"https:\/\/szakkollegium.hagyatek.ro\/wp-content\/uploads\/2023\/10\/Hamvas-Laszlo-eloadas-esemeny-1500x430.jpg\" width=\"1500\" height=\"430\" title='Hamvas Laszlo eloadas esemeny' alt=''  itemprop=\"thumbnailUrl\"  style='min-height:200px; min-width:698px; ' \/><\/div><\/li><li  class=' slide-8 ' ><div data-rel='slideshow-1' class='avia-slide-wrap '   ><img loading=\"lazy\" decoding=\"async\" class=\"wp-image-363 avia-img-lazy-loading-363\"  src=\"https:\/\/szakkollegium.hagyatek.ro\/wp-content\/uploads\/2022\/07\/IMG_20220708_101540-1500x430.jpg\" width=\"1500\" height=\"430\" title='IMG_20220708_101540' alt=''  itemprop=\"thumbnailUrl\"  style='min-height:200px; min-width:698px; ' \/><\/div><\/li><\/ul><div class='avia-slideshow-arrows avia-slideshow-controls'><a href='#prev' tabindex='-1' class='prev-slide' aria-hidden='true' data-av_icon='\ue87c' data-av_iconfont='entypo-fontello'>El\u0151z\u0151<\/a><a href='#next' tabindex='-1' class='next-slide' aria-hidden='true' data-av_icon='\ue87d' data-av_iconfont='entypo-fontello'>K\u00f6vetkez\u0151<\/a><\/div><div class='avia-slideshow-dots avia-slideshow-controls'><a href='#1' class='goto-slide active' >1<\/a><a href='#2' class='goto-slide ' >2<\/a><a href='#3' class='goto-slide ' >3<\/a><a href='#4' class='goto-slide ' >4<\/a><a href='#5' class='goto-slide ' >5<\/a><a href='#6' class='goto-slide ' >6<\/a><a href='#7' class='goto-slide ' >7<\/a><a href='#8' class='goto-slide ' >8<\/a><\/div><\/div><\/div><br \/>\n<div id='helyszin'  class='avia-section main_color avia-section-huge avia-no-border-styling  avia-full-stretch av-section-color-overlay-active avia-bg-style-fixed  avia-builder-el-1  el_after_av_slideshow_full  el_before_av_section   av-minimum-height av-minimum-height-25  container_wrap sidebar_right' style='background-color: #f8f8f8; background-repeat: no-repeat; background-image: url(https:\/\/szakkollegium.hagyatek.ro\/wp-content\/uploads\/2022\/07\/92281973_2591021097812661_4857150211211919360_n.jpg);background-attachment: fixed; background-position: center center;  '  data-section-bg-repeat='stretch' data-av_minimum_height_pc='25'><div class='av-section-color-overlay-wrap'><div class='av-section-color-overlay' style='opacity: 0.3; background-color: #000000; '><\/div><div class='container' ><div class='template-page content  av-content-small alpha units'><div class='post-entry post-entry-type-page post-entry-14'><div class='entry-content-wrapper clearfix'>\n<div  style='padding-bottom:0px; color:#ffffff;font-size:60px;' class='av-special-heading av-special-heading-h3 custom-color-heading blockquote modern-quote modern-centered  avia-builder-el-2  avia-builder-el-no-sibling  av-inherit-size '><h3 class='av-special-heading-tag '  itemprop=\"headline\"  >A Szakkoll\u00e9giumr\u00f3l<\/h3><div class='special-heading-border'><div class='special-heading-inner-border' style='border-color:#ffffff'><\/div><\/div><\/div>\n<\/div><\/div><\/div><!-- close content main div --><\/div><\/div><\/div><div id='av_section_2'  class='avia-section main_color avia-section-huge avia-no-border-styling  avia-bg-style-fixed  avia-builder-el-3  el_after_av_section  el_before_av_section   av-arrow-down-section container_wrap sidebar_right' style='background-color: #f8f8f8;  '  ><div class='container' ><div class='template-page content  av-content-small alpha units'><div class='post-entry post-entry-type-page post-entry-14'><div class='entry-content-wrapper clearfix'>\n<div class=\"flex_column av_one_full  flex_column_div av-zero-column-padding first  avia-builder-el-4  avia-builder-el-no-sibling  \" style='border-radius:0px; '><section class=\"av_textblock_section \"  itemscope=\"itemscope\" itemtype=\"https:\/\/schema.org\/CreativeWork\" ><div class='avia_textblock  av_inherit_color '  style='color:#000000; '  itemprop=\"text\" ><p>Kisgalambfalva Sz\u00e9kelyudvarhely \u00e9s Sz\u00e9kelykereszt\u00far k\u00f6z\u00f6tti \u00fatvonalon helyezkedik el, Sz\u00e9kelykereszt\u00fart\u00f3l 7 km-re. A f\u0151 \u00fatr\u00f3l let\u00e9rve a K\u00fck\u00fcll\u0151n \u00e1tvezet\u0151 h\u00eddon \u00e1tkelve, m\u00e1ris a faluban tal\u00e1ljuk magunkat. Egy csod\u00e1latos kis falu, nagyon sz\u00e9p \u00e9p\u00fcletekkel, k\u0151kapukkal, k\u0151cs\u0171r\u00f6kkel \u00e9s k\u0151h\u00e1zakkal, melyet fest\u0151i k\u00f6rnyezet vesz k\u00f6r\u00fcl.<\/p>\n<p>Nagygalambfalv\u00e1val egy\u00fctt alkotj\u00e1k Galambfalva k\u00f6zs\u00e9get. A k\u00f6zs\u00e9g h\u00edres sz\u00fcl\u00f6tte K\u00e1ny\u00e1di S\u00e1ndor k\u00f6lt\u0151, sz\u00fcl\u0151h\u00e1z\u00e1t \u00e9s s\u00edreml\u00e9k\u00e9t \u00e9vente t\u00f6bbezer zar\u00e1ndok l\u00e1togatja.<\/p>\n<p>A rendezv\u00e9ny helysz\u00edne: Kisgalambfalvi M\u0171vel\u0151d\u00e9si h\u00e1z<\/p>\n<\/div><\/section><\/div>\n<br \/>\n<\/div><\/div><\/div><!-- close content main div --><\/div><div class='av-extra-border-element border-extra-arrow-down'><div class='av-extra-border-outer'><div class='av-extra-border-inner'  style='background-color:#f8f8f8;' ><\/div><\/div><\/div><\/div><div id='rendezveny_bemutatasa'  class='avia-section main_color avia-section-huge avia-no-border-styling  avia-bg-style-scroll  avia-builder-el-6  el_after_av_section  el_before_av_section   av-arrow-down-section container_wrap sidebar_right' style=' '  ><div class='container' ><div class='template-page content  av-content-small alpha units'><div class='post-entry post-entry-type-page post-entry-14'><div class='entry-content-wrapper clearfix'>\n<div  style='padding-bottom:10px; font-size:60px;' class='av-special-heading av-special-heading-h3  blockquote modern-quote modern-centered  avia-builder-el-7  el_before_av_hr  avia-builder-el-first  av-inherit-size '><h3 class='av-special-heading-tag '  itemprop=\"headline\"  >Tev\u00e9kenys\u00e9geink<\/h3><div class='special-heading-border'><div class='special-heading-inner-border' ><\/div><\/div><\/div>\n<div   class='hr hr-default   avia-builder-el-8  el_after_av_heading  el_before_av_one_full '><span class='hr-inner ' ><span class='hr-inner-style'><\/span><\/span><\/div>\n<div class=\"flex_column av_one_full  flex_column_div av-zero-column-padding first  avia-builder-el-9  el_after_av_hr  el_before_av_button  \" style='border-radius:0px; '><section class=\"av_textblock_section \"  itemscope=\"itemscope\" itemtype=\"https:\/\/schema.org\/CreativeWork\" ><div class='avia_textblock  av_inherit_color '  style='color:#000000; '  itemprop=\"text\" ><p><strong>A Hagyat\u00e9k Alap\u00edtv\u00e1ny partners\u00e9gben a Partiumi Michiel de Ruyter Tudom\u00e1nyos T\u00e1rsas\u00e1ggal \u00e9s a Erd\u00e9lyi Falusi Oktat\u00e1s\u00e9rt Egyes\u00fclettel, okt\u00f3ber 27-29. <\/strong>k\u00f6z\u00f6tt<strong> Kisgalambfalv\u00e1n<\/strong> imm\u00e1r m\u00e1sodik alkalommal szervezi meg a <strong>Meg\u00fajul\u00f3 K\u00e1rp\u00e1t-medence<\/strong> c\u00edm\u0171 konferenci\u00e1t. Az esem\u00e9ny egyik fontos t\u00e9mak\u00f6re a K\u00e1rp\u00e1t-medence k\u00f6z\u00f6s gazdas\u00e1gi, t\u00e1rsadalmi \u00e9s geopolitikai kih\u00edv\u00e1sai, \u00e9s azok megold\u00e1si lehet\u0151s\u00e9gei.<\/p>\n<p>A konferencia fel\u00e9p\u00edt\u00e9se egyedi, ugyanis minden megh\u00edvott egy el\u0151ad\u00e1s keret\u00e9ben tulajdonk\u00e9ppen k\u00e9t el\u0151ad\u00e1st fog tartani. Egy szakmai el\u0151ad\u00e1st, \u00e9s egyet az \u00e9let\u00fatj\u00e1r\u00f3l, a csal\u00e1di vonatkoz\u00e1sokr\u00f3l.<\/p>\n<p>A konferencia c\u00e9lcsoportj\u00e1ba beletartozik az itt \u00e9l\u0151 magyar ajk\u00fa kisebbs\u00e9g, de k\u00fcl\u00f6n kiemelt helyeket tartunk fent a fiatalok sz\u00e1m\u00e1ra, mert\u00a0 \u0151k az a gener\u00e1ci\u00f3, akiken m\u00falik, hogy nemzet\u00fcnk sorsa milyen ir\u00e1nyba indul el. Lassan \u00fajra n\u00f6vekedni kezd, vagy folytat\u00f3dik a magyars\u00e1g fogy\u00e1sa. Ez\u00e9rt nem mindegy, hogy fiataljaink milyen p\u00e9ldak\u00e9peket \u00e1ll\u00edtanak maguk el\u00e9, illetve milyen p\u00e9ldak\u00e9peket \u00e1ll\u00edtunk el\u00e9j\u00fck.<\/p>\n<p>A konferenci\u00e1val p\u00e1rhuzamosan, gyermekfoglalkoz\u00e1sok (mond\u00f3k\u00e1z\u00e1s, n\u00e9pi j\u00e1t\u00e9kok, k\u00e9zm\u0171ves foglalkoz\u00e1sok) zajlanak majd, \u00edgy lehet\u0151s\u00e9g lesz a sz\u00fcl\u0151knek \u00fagy r\u00e9szt venni a konferenci\u00e1n, hogy a gyerekeik k\u00f6zben biztons\u00e1gban t\u00f6lthetik az id\u0151t.<\/p>\n<p>A program napok lez\u00e1r\u00e1sak\u00e9nt a sz\u00e9kelykereszt\u00fari Vadr\u00f3zs\u00e1k t\u00e1nccsoport, a Lelkes zenekar fognak fell\u00e9pni.<\/p>\n<p>A rendezv\u00e9nyen val\u00f3 r\u00e9szv\u00e9tel ingyenes, de aj\u00e1nlott a regisztr\u00e1ci\u00f3.<\/p>\n<p>A rendezv\u00e9ny alatt adom\u00e1nyoz\u00e1sra is lehet\u0151s\u00e9g lesz, melyet a <a href=\"https:\/\/tamogatas.hagyatek.ro\/\">kisgalambfalvi k\u00f6z\u00f6ss\u00e9gi cs\u0171r<\/a> befejez\u00e9s\u00e9re ford\u00edtanak a szervez\u0151k.<\/p>\n<p>V\u00e1runk mindenkit szeretettel.<\/p>\n<\/div><\/section><\/div><div  class='avia-button-wrap avia-button-center  avia-builder-el-11  el_after_av_one_full  avia-builder-el-last ' ><a href='https:\/\/www.hagyatek.ro\/tamogatom\/' class='avia-button   avia-icon_select-yes-left-icon avia-size-large avia-position-center ' target=\"_blank\" rel=\"noopener noreferrer\" style='background-color:#993e28; border-color:#993e28; color:#ffffff; '><span class='avia_button_icon avia_button_icon_left ' aria-hidden='true' data-av_icon='\ue8cf' data-av_iconfont='entypo-fontello'><\/span><span class='avia_iconbox_title' >T\u00e1mogatom<\/span><span class='avia_button_background avia-button avia-color-custom' style='background-color:#a85c4a;'><\/span><\/a><\/div>\n<br \/>\n<\/div><\/div><\/div><!-- close content main div --><\/div><div class='av-extra-border-element border-extra-arrow-down'><div class='av-extra-border-outer'><div class='av-extra-border-inner'  style='background-color:#ffffff;' ><\/div><\/div><\/div><\/div><div id='programterv'  class='avia-section main_color avia-section-small avia-no-border-styling  avia-bg-style-scroll  avia-builder-el-12  el_after_av_section  el_before_av_section   av-arrow-down-section container_wrap sidebar_right' style='background-color: #ffffff;  margin-top:0px; margin-bottom:0px; '  ><div class='container' ><div class='template-page content  av-content-small alpha units'><div class='post-entry post-entry-type-page post-entry-14'><div class='entry-content-wrapper clearfix'>\n<div  style='padding-bottom:10px; font-size:60px;' class='av-special-heading av-special-heading-h3  blockquote modern-quote modern-centered  avia-builder-el-13  el_before_av_hr  avia-builder-el-first  av-inherit-size '><h3 class='av-special-heading-tag '  itemprop=\"headline\"  >Esem\u00e9nyek<\/h3><div class='special-heading-border'><div class='special-heading-inner-border' ><\/div><\/div><\/div>\n<div   class='hr hr-default   avia-builder-el-14  el_after_av_heading  el_before_av_one_full '><span class='hr-inner ' ><span class='hr-inner-style'><\/span><\/span><\/div>\n<div class=\"flex_column av_one_full  flex_column_div av-zero-column-padding first  avia-builder-el-15  el_after_av_hr  avia-builder-el-last  \" style='border-radius:0px; '><section class=\"av_textblock_section \"  itemscope=\"itemscope\" itemtype=\"https:\/\/schema.org\/CreativeWork\" ><div class='avia_textblock  av_inherit_color '  style='color:#000000; '  itemprop=\"text\" ><p><em>\u00a0<\/em><\/p>\n<p><em>\u00a0<\/em><\/p>\n<p><em>\u00a0<\/em><\/p>\n<\/div><\/section><\/div><\/div><\/div><\/div><!-- close content main div --><\/div><div class='av-extra-border-element border-extra-arrow-down'><div class='av-extra-border-outer'><div class='av-extra-border-inner'  style='background-color:#ffffff;' ><\/div><\/div><\/div><\/div><div id='regisztracio'  class='avia-section main_color avia-section-huge avia-no-border-styling  avia-bg-style-scroll  avia-builder-el-17  el_after_av_section  el_before_av_section   av-arrow-down-section container_wrap sidebar_right' style='background-color: #f8f8f8;  '  ><div class='container' ><div class='template-page content  av-content-small alpha units'><div class='post-entry post-entry-type-page post-entry-14'><div class='entry-content-wrapper clearfix'>\n<div  style='padding-bottom:10px; font-size:60px;' class='av-special-heading av-special-heading-h3  blockquote modern-quote modern-centered  avia-builder-el-18  el_before_av_hr  avia-builder-el-first  av-inherit-size '><h3 class='av-special-heading-tag '  itemprop=\"headline\"  >A Hagyat\u00e9k Alap\u00edtv\u00e1ny egy\u00e9b programjai<\/h3><div class='special-heading-border'><div class='special-heading-inner-border' ><\/div><\/div><\/div>\n<div   class='hr hr-default   avia-builder-el-19  el_after_av_heading  el_before_av_one_full '><span class='hr-inner ' ><span class='hr-inner-style'><\/span><\/span><\/div>\n<div class=\"flex_column av_one_full  flex_column_div av-zero-column-padding first  avia-builder-el-20  el_after_av_hr  avia-builder-el-last  \" style='border-radius:0px; '><section class=\"av_textblock_section \"  itemscope=\"itemscope\" itemtype=\"https:\/\/schema.org\/CreativeWork\" ><div class='avia_textblock  av_inherit_color '  style='color:#000000; '  itemprop=\"text\" ><\/div><\/section><\/div><\/div><\/div><\/div><!-- close content main div --><\/div><div class='av-extra-border-element border-extra-arrow-down'><div class='av-extra-border-outer'><div class='av-extra-border-inner'  style='background-color:#f8f8f8;' ><\/div><\/div><\/div><\/div><div id='alapitvanyrol'  class='avia-section main_color avia-section-default avia-no-border-styling  avia-bg-style-scroll  avia-builder-el-22  el_after_av_section  el_before_av_section   container_wrap sidebar_right' style=' '  ><div class='container' ><div class='template-page content  av-content-small alpha units'><div class='post-entry post-entry-type-page post-entry-14'><div class='entry-content-wrapper clearfix'>\n<div  style='padding-bottom:10px; font-size:60px;' class='av-special-heading av-special-heading-h3  blockquote modern-quote modern-centered  avia-builder-el-23  el_before_av_hr  avia-builder-el-first  av-inherit-size '><h3 class='av-special-heading-tag '  itemprop=\"headline\"  >Fot\u00f3album<\/h3><div class='special-heading-border'><div class='special-heading-inner-border' ><\/div><\/div><\/div>\n<div   class='hr hr-default   avia-builder-el-24  el_after_av_heading  el_before_av_textblock '><span class='hr-inner ' ><span class='hr-inner-style'><\/span><\/span><\/div>\n<section class=\"av_textblock_section \"  itemscope=\"itemscope\" itemtype=\"https:\/\/schema.org\/CreativeWork\" ><div class='avia_textblock  av_inherit_color '  style='color:#000000; '  itemprop=\"text\" ><\/div><\/section>\n<\/div><\/div><\/div><!-- close content main div --><\/div><\/div><div id='partnerek'  class='avia-section main_color avia-section-default avia-no-border-styling  avia-bg-style-scroll  avia-builder-el-26  el_after_av_section  avia-builder-el-last   container_wrap sidebar_right' style='background-color: #f8f8f8;  '  ><div class='container' ><div class='template-page content  av-content-small alpha units'><div class='post-entry post-entry-type-page post-entry-14'><div class='entry-content-wrapper clearfix'>\n<div  style='padding-bottom:10px; font-size:60px;' class='av-special-heading av-special-heading-h3  blockquote modern-quote modern-centered  avia-builder-el-27  el_before_av_hr  avia-builder-el-first  av-inherit-size '><h3 class='av-special-heading-tag '  itemprop=\"headline\"  >Partnerek \u2013 T\u00e1mogat\u00f3k<\/h3><div class='special-heading-border'><div class='special-heading-inner-border' ><\/div><\/div><\/div>\n<div   class='hr hr-default   avia-builder-el-28  el_after_av_heading  el_before_av_textblock '><span class='hr-inner ' ><span class='hr-inner-style'><\/span><\/span><\/div>\n<section class=\"av_textblock_section \"  itemscope=\"itemscope\" itemtype=\"https:\/\/schema.org\/CreativeWork\" ><div class='avia_textblock  av_inherit_color '  style='color:#000000; '  itemprop=\"text\" ><p><em>\u00a0<\/em><\/p>\n<p><strong>Partnerek:<\/strong><\/p>\n<p><a href=\"https:\/\/www.facebook.com\/kilatoegyesulet?locale=hu_HU\"><em>Kil\u00e1t\u00f3 Egyes\u00fclet<\/em><\/a><\/p>\n<p><a href=\"https:\/\/www.facebook.com\/galambfalva?locale=hu_HU\"><em>Galambfalva K\u00f6zs\u00e9g \u00d6nkorm\u00e1nyzata<\/em><\/a><\/p>\n<p><a href=\"https:\/\/www.facebook.com\/kisgalambfalviref?locale=hu_HU\"><em>Kisgalambfalvi Reform\u00e1tus Gy\u00fclekezet<\/em><\/a><\/p>\n<p><a href=\"https:\/\/www.facebook.com\/debrecenuniversity?locale=hu_HU\"><em>Debreceni Egyetem K\u00f6z\u00e9p Eur\u00f3pai Kapcsolatok K\u00f6zpontja<\/em><\/a><\/p>\n<p><a href=\"https:\/\/galambfalva.info\/\">Galambfalva.info<\/a><\/p>\n<p><strong>T\u00e1mogat\u00f3k:<\/strong><\/p>\n<p><em><a href=\"https:\/\/szpma.hu\/\">Sz\u00f6vets\u00e9g a Polg\u00e1ri Magyarorsz\u00e1g\u00e9rt Alap\u00edtv\u00e1ny<\/a><\/em><\/p>\n<p><em><a href=\"https:\/\/liofilizat.ro\/\">Erd\u00e9lyi Csoda<\/a><\/em><\/p>\n<p><a href=\"http:\/\/www.indanature.ro\">IndaNature.ro<\/a><\/p>\n<\/div><\/section>\n<div  class='avia-button-wrap avia-button-center  avia-builder-el-30  el_after_av_textblock  avia-builder-el-last ' ><a href='https:\/\/www.hagyatek.ro\/tamogatom\/' class='avia-button   avia-icon_select-yes-left-icon avia-size-large avia-position-center ' target=\"_blank\" rel=\"noopener noreferrer\" style='background-color:#993e28; border-color:#993e28; color:#ffffff; '><span class='avia_button_icon avia_button_icon_left ' aria-hidden='true' data-av_icon='\ue8cf' data-av_iconfont='entypo-fontello'><\/span><span class='avia_iconbox_title' >T\u00e1mogatom<\/span><span class='avia_button_background avia-button avia-color-custom' style='background-color:#a85c4a;'><\/span><\/a><\/div>\n<\/div><\/div><\/div><!-- close content main div --><\/div><\/div><div id='after_section_7'  class='main_color av_default_container_wrap container_wrap sidebar_right' style=' '  ><div class='container' ><div class='template-page content  av-content-small alpha units'><div class='post-entry post-entry-type-page post-entry-14'><div class='entry-content-wrapper clearfix'><\/p>\n","protected":false},"excerpt":{"rendered":"","protected":false},"author":1,"featured_media":0,"parent":0,"menu_order":0,"comment_status":"open","ping_status":"open","template":"","meta":{"footnotes":""},"_links":{"self":[{"href":"https:\/\/szakkollegium.hagyatek.ro\/index.php\/wp-json\/wp\/v2\/pages\/14"}],"collection":[{"href":"https:\/\/szakkollegium.hagyatek.ro\/index.php\/wp-json\/wp\/v2\/pages"}],"about":[{"href":"https:\/\/szakkollegium.hagyatek.ro\/index.php\/wp-json\/wp\/v2\/types\/page"}],"author":[{"embeddable":true,"href":"https:\/\/szakkollegium.hagyatek.ro\/index.php\/wp-json\/wp\/v2\/users\/1"}],"replies":[{"embeddable":true,"href":"https:\/\/szakkollegium.hagyatek.ro\/index.php\/wp-json\/wp\/v2\/comments?post=14"}],"version-history":[{"count":187,"href":"https:\/\/szakkollegium.hagyatek.ro\/index.php\/wp-json\/wp\/v2\/pages\/14\/revisions"}],"predecessor-version":[{"id":586,"href":"https:\/\/szakkollegium.hagyatek.ro\/index.php\/wp-json\/wp\/v2\/pages\/14\/revisions\/586"}],"wp:attachment":[{"href":"https:\/\/szakkollegium.hagyatek.ro\/index.php\/wp-json\/wp\/v2\/media?parent=14"}],"curies":[{"name":"wp","href":"https:\/\/api.w.org\/{rel}","templated":true}]}}